**5/10 + h**4/8 + 2*h**2. Let l be p(3). What is the tens digit of (-101)/(-9) - 8/l?
1
Suppose -143*w - 111916 = -171*w. What is the thousands digit of w?
3
Suppose 15*d - 6604 = 146. What is the units digit of d?
0
Suppose -5*m - 20 = -0*m, 0 = 3*d + 2*m + 26. Let c(v) = 3*v - 11. Let g be c(d). Let o = -16 - g. What is the units digit of o?
3
Suppose 48*q = 53*q - 2340. Let h = q - 245. What is the units digit of h?
3
Let a(d) be the first derivative of d**3/3 - 4*d**2 - 12*d + 14. What is the units digit of a(13)?
3
Suppose -3*q - 1 = 5. What is the tens digit of (q - (-3 + 1)) + 48?
4
Let z = 749 + -35. What is the units digit of z?
4
Suppose 4*d + 1723 = k, 3*d - 5*d = -4*k + 6822. What is the tens digit of k?
0
Suppose -1531 = -0*v - 4*v - 3*h, 4*v - 1536 = -4*h. What is the units digit of v?
9
Let c(d) = -d**3 - d**2 - 1. Let h(g) = -9*g**3 - 4*g**2 + 4*g - 6. Let k(m) = -5*c(m) + h(m). What is the units digit of k(-3)?
4
Let t(j) = 11*j + 2*j**2 + 3 + 3*j - 4*j + 4. What is the units digit of t(-7)?
5
Let t = 11 - 39. Let r be 7/(t/(-568)) + 0. Suppose 3*i + 6*w - w - 100 = 0, -r = -5*i + 4*w. What is the tens digit of i?
3
Let m = -19 + 22. Suppose m*n = 5*n - 138. What is the units digit of n?
9
Let m(x) = x**2 + 10*x + 11. Suppose 2*f + 24 = -w - 3*f, f = -4*w - 39. Let s be m(w). Suppose 5*o - c = 95, -c = -o + s*c + 5. What is the tens digit of o?
2
Let u = 1189 + -618. What is the tens digit of u?
7
Let x(k) = -k**2 + 29*k - 33. Let z be x(28). Let d(q) = -28*q + 16. What is the hundreds digit of d(z)?
1
Let v(a) = 8*a**2 - 3*a - 10. Suppose -36 = 9*u - 0. What is the hundreds digit of v(u)?
1
Suppose -24*d + 4*s + 1547 = -21*d, -3*s + 1020 = 2*d. What is the units digit of d?
3
Let a(v) = -3*v + 14. Let i be a(18). What is the tens digit of 42/5*i/(-8)?
4
Let p(c) = -200*c + 11. Let b be p(-6). Suppose -7*v = -0*v - b. Suppose -o - k = -17 - 49, 3*o - 2*k = v. What is the units digit of o?
1
Let v(t) = -34*t - 165. What is the tens digit of v(-17)?
1
Let w = -3158 + 4464. What is the hundreds digit of w?
3
What is the thousands digit of (-15)/(-10)*-7026*1/(-9)?
1
What is the units digit of (4 - 3)*-10 + 2673?
3
Let m(b) = -b**3 + 7*b**2 - 8*b + 12. Let t be m(6). Suppose 3*y = 2*s - 7 - t, -25 = -5*y. What is the units digit of s?
1
Suppose 3*p = -5*h + 12, -8*p = -3*p + 4*h - 20. Suppose -p*t + s + 966 = -100, 0 = -3*t + s + 799. Suppose -t = -6*m - 39. What is the units digit of m?
8
Suppose 2*d + 0*d = 4. Suppose 0*v + 234 = d*v. What is the tens digit of v?
1
Let g(i) = i**3 + 11*i**2 - 10*i + 2. Let c be g(-12). Let j = 25 + c. Suppose 7*k = j*k + 80. What is the tens digit of k?
2
Let b(c) = c**2 - c - 10. Let t be b(-3). What is the tens digit of -10 - -171 - 1*t?
5
Suppose -7*g = -2*g - 2670. Let b(i) = -i**3 - 9*i**2 + 21*i - 15. Let w be b(-11). What is the tens digit of (-3)/w + g/24?
2
Let g(o) = -2*o**3 + 3*o**2 + o - 3. Let w be g(2). What is the hundreds digit of (-19 - -1)*(w - (1 - -2))?
1
Let b = -12 - 6. What is the units digit of (-20)/90 + (-1534)/b?
5
Suppose -4*c - 924 = -2*a, 0 = -2*a + c + 248 + 688. What is the hundreds digit of a?
4
Suppose -3 - 4 = h. Let u(c) = c**2 - 5*c - 8. What is the units digit of u(h)?
6
Suppose 104*q = 115*q - 16797. What is the hundreds digit of q?
5
Let b = -492 - -1327. What is the hundreds digit of b?
8
Let z(d) = 156*d + 147. What is the units digit of z(23)?
5
Suppose -3*a - 315 = -81. Let d = -25 - a. What is the tens digit of d?
5
Let a(x) = -x**3 + x**2. Let k(c) = -31*c**3 + 4*c**2. Let v(q) = 5*a(q) - k(q). What is the tens digit of v(1)?
2
Suppose 5*n - 5*i = -5, 5*n + 2*i - 49 = -19. Suppose -2*j - 18 = 5*w - 4*w, 5*w = n*j - 104. What is the tens digit of (-12)/w - (-94)/10?
1
Suppose 3*k - 29 = -2*w, 0*w - 2*k + 56 = 5*w. Suppose -y + 21 = w. What is the tens digit of y?
1
Suppose 27*r - 1680 = 24*r. What is the units digit of r?
0
Let s be 3 + 10 + 2 + -5. Suppose -3*l + 2*q = -s, 0*q + 2*q + 18 = 5*l. Suppose 52 = 3*b + l*o, -2*b = -3*o - o - 28. What is the units digit of b?
6
Suppose -3*r = r. Suppose 3*a + 5*y = -2*a + 185, 2*a - 3*y - 74 = r. What is the units digit of a?
7
What is the tens digit of (297/165)/(6/2320)?
9
Let u = 39 - 12. Suppose 0 = 2*f + 3*q - 26, u = 5*f - 0*q - 2*q. What is the units digit of f?
7
Suppose -3*d - 4*z - 8 = 0, -3*d = 2*d - 3*z - 35. Suppose 4*q + 544 = 3*i, d*i - q + 6*q - 715 = 0. What is the hundreds digit of i?
1
Let v(r) be the third derivative of -7/24*r**4 + r**3 + 0*r + 0 - 4*r**2 + 1/30*r**5. What is the tens digit of v(4)?
1
Let h(w) = w**2 - 11*w - 12. Let x be h(9). Let i(t) = -t**3 - 5*t**2 - t. Let u be i(-5). What is the tens digit of 12/x - (-127)/u?
2
Let g be 14*3*(-28)/24. Let n = 104 + g. What is the tens digit of n?
5
Let n = -41 + 406. What is the hundreds digit of n?
3
Let w = -793 + 1380. What is the hundreds digit of w?
5
Let c be 396/8 + (-1)/2. Suppose 3*x + c = 4*x. What is the units digit of x?
9
What is the hundreds digit of (2 - 1)*5327/7?
7
Let r(z) be the first derivative of z**4/4 + 8*z**3/3 - 4*z**2 - 4*z + 23. What is the units digit of r(-8)?
0
Let b be 1375/44 - (-2)/(-8). Let h be (-6)/9 - (-116)/(-6). Let d = b + h. What is the tens digit of d?
1
Suppose 0 = -37*h + 4295 + 28080. What is the tens digit of h?
7
Let u be (-16)/(-8) - 1*3. Let p be 2 + (u - 1/1). Suppose p = w + 4*w - 30. What is the units digit of w?
6
Let u = 15 - 27. Let y be 0 + 640/u*3. What is the units digit of (y/2)/(-2) + -2?
8
Suppose -2*q + 16 + 4 = 3*u, -23 = -4*u + q. Let m(b) = 5*b**2 - 8*b - 1. What is the hundreds digit of m(u)?
1
Let f = -9 - -9. Suppose s + 4 = -f. What is the units digit of (-112)/(-60) - s/30?
2
Let w(p) = 165*p**2 + 3*p - 2. What is the units digit of w(-2)?
2
Suppose 0 = -r - 4*o - 25, -3*r - 3*o = 2*o + 40. What is the tens digit of (-385)/(-33)*(-9)/r?
2
Let p(i) = -3*i**2 - 17*i - 24. Let z(j) = -4*j**2 - 18*j - 24. Let u(v) = -3*p(v) + 2*z(v). What is the units digit of u(-16)?
0
Let p(u) = -u + 2*u + u - u - 5. Suppose -26 = -5*r + 4*w, -3*r = -7*r + 5*w + 19. What is the units digit of p(r)?
1
Suppose -x - 31 = -5*x + 5*c, -x = c - 1. Suppose 4*r = -5*y + 86, 29 = 2*r + x*y - 11. Let m = r + -15. What is the units digit of m?
9
Let q(k) = 6*k**2 + 5*k + 20. Let h be q(-5). Let z = h - 75. What is the tens digit of z?
7
Let m(o) = 7*o**3 - 21*o**2 + 6*o. What is the hundreds digit of m(5)?
3
Let d(a) = a + 149. What is the units digit of d(-32)?
7
Suppose -2*v + 5*v = -2*o - 946, -v = -2. Let a = -266 - o. What is the tens digit of a?
1
What is the hundreds digit of (5*(-9)/45)/((-1)/898)?
8
Suppose 3329 = 5*d - 101. What is the units digit of d?
6
Let b be 1/(10/12 - 1). Let m be 0/3*(8 - 115/15). What is the units digit of (m + -2)/(b/69)?
3
Let m(c) = -199*c + 12. What is the tens digit of m(-1)?
1
Suppose -k + 3*g + 7 = -8, -4*k + 20 = -4*g. Let l(z) = z**2 + 6*z + 9. Let b be l(-4). What is the tens digit of ((-80)/(-4))/b + k?
2
What is the thousands digit of 3/30 + 330317/130?
2
Let x = 596 + 300. What is the hundreds digit of x?
8
Let p(j) = 26*j**2 - 18*j - 12. What is the hundreds digit of p(-7)?
3
Suppose 0 = -x - x + 134. Let z = x + -34. Suppose 3*j = 2*j + z. What is the tens digit of j?
3
Let c = -658 + 1157. What is the tens digit of c?
9
Suppose -3*a - 8 = -7*a. Suppose a*w + 0*w - 4*d = 64, -3*w + 108 = -3*d. Suppose 6*h + w = 8*h. What is the tens digit of h?
2
Suppose 8*r = 7*r - 2*l + 201, 0 = -2*r - l + 387. What is the hundreds digit of r?
1
Let j(l) = -6 + 5*l + l**2 - 17*l + 20. Let x be (-21 + 19)*13/(-2). What is the tens digit of j(x)?
2
Suppose -3*z - 2*r = r - 30, -20 = -2*z + 4*r. Let h be (2 + -7)*(-174)/z. Suppose -h + 15 = -3*x. What is the tens digit of x?
2
What is the units digit of (-1)/((15/2005)/(-3))?
1
Suppose -4*j + 4*j = -2*j. Let h = 48 + j. What is the units digit of h?
8
Suppose -111 + 36 = -3*c. Suppose 5*h + c = 0, 3*h - 7*h = 5*k + 20. Suppose k = 2*j - 58 + 4. What is the tens digit of j?
2
Let v(g) = -1. Let t(u) = -u**3 - 5*u**2. Let m(f) = t(f) - 3*v(f). What is the units digit of m(-6)?
9
Let n(w) = -4*w - 5*w**2 - w**3 - w + 0*w - 1. Let o be n(-4). Suppose 3 = -o*j + 33. What is the tens digit of j?
1
Let n be (-